 3. Let r be v(u). Let f = 8 - r. What is j(f)?
-4
Suppose -s + c - 4 = 0, -2*c - 10 = 2*s - 14. Let b(v) = 5*v**2 + 2*v + 3. Calculate b(s).
6
Let d(q) = 3*q**3 + 3*q**2 + 1. Let x(l) = 2*l**3 - 228*l**2 + 231*l**2 + 2*l**3. Let k(y) = 3*d(y) - 2*x(y). Determine k(-3).
3
Let u(t) be the third derivative of 11*t**6/30 + t**5/30 - t**3/6 - 3*t**2 - 4*t. What is u(1)?
45
Let f(v) = -11*v**2 + v - 1. Suppose 4 = 2*o + 5*b, 4*o = 3*b + 4 + 4. What is f(o)?
-43
Let n(r) = -r + 5. Let i(b) = 1. Let l(z) = -4*i(z) + 2*n(z). Determine l(4).
-2
Let n be ((-12)/(-18))/(4/(-18)). Let p(t) be the first derivative of t**2 + 2*t - 9. What is p(n)?
-4
Let d(t) = 2*t**2 - t + 1. Let g(k) = 3*k + 1 + 3*k**3 - 1 - 5*k**3 - k**2 + 2. Let j be g(-2). Suppose 0 = p - h - 3, -4*h = -2*p - 9*h - j. Calculate d(p).
2
Let k(i) = i**3 - 10*i**2 + 8*i + 4. Suppose 5*w = 2*j + 17, 5*w - 36 = -4*j + w. Suppose j*t + 4*x = 20, 4*t - 34 = 2*t + 4*x. Determine k(t).
-5
Let u(f) = 40*f**2 + 4*f + 3. Let n(k) = 14*k**2. Let y(t) = -3*n(t) + u(t). Let d = 1 + -2. Let i be 5/d*(-2)/(-5). Calculate y(i).
-13
Let d = 42 - 40. Let j = 87 - 56. Let t(l) = 18*l**2 + 31*l - 4*l**d - j*l. Calculate t(-1).
14
Let l be 280/154 - 2/(-11). Let g(p) = -p**3 + p**2 + 3*p - 3. Let o be g(l). Let s be o + 0 + 18/6. Let k(b) = 6*b - 1. Give k(s).
11
Let w(s) = s**2 - 20*s + 31. Let n be w(2). Let o(i) be the second derivative of -i**5/20 - i**4/3 + i**3 + 7*i**2/2 - i. What is o(n)?
2
Let d = 88 - 84. Let f(k) = 2 - 3 - d*k**2 - 2*k - 2 + 5*k**2. Calculate f(3).
0
Let w(l) = -10*l**3 + 2*l - 1. Let d be 28/21*6/8. Calculate w(d).
-9
Let u(h) = h - 12. Let v(c) = 9*c - 229. Let f be v(26). Determine u(f).
-7
Let o(a) be the third derivative of 0 - 26*a**2 + 0*a**4 + 0*a + a**3 - 1/60*a**5. Give o(-5).
-19
Let z(m) = 3*m**3 - 3*m**2 + 19*m - 4. Let i(a) = a**3 + 11*a - 1. Let v(f) = 2*i(f) - z(f). Calculate v(4).
-2
Let r(k) = -26*k - 579. Let t be r(-22). Let x(z) = -10 + 0 - z**2 - 7*z - 3*z. Determine x(t).
11
Let m = 0 + 0. Let x(t) be the second derivative of -t**4/12 + 5*t**2/2 + 38*t. Calculate x(m).
5
Let d(x) = -31*x**2 + 32*x**3 - 33*x**3 + 4*x + 8 + 26*x**2. Give d(-5).
-12
Let i(q) = q**3 - 4*q**2 + 3*q - 4. Let n be 2 + 0 - -3 - 2. Let o be (-3 - 33/(-9))*n. Suppose -o*l - l = -9. What is i(l)?
-4
Let y(p) = p**2 - 36*p + 36. Let v be y(35). Let r(s) = 16*s**2 - s + 1. Determine r(v).
16
Let k(x) = -x**2 + 3*x + 6. Suppose z - i - 7 = -z, 5*z = -4*i + 24. Suppose z*h - 7 = 13. Calculate k(h).
-4
Let j(t) = -2*t**2 + 7*t + 1. Let b(v) = 3*v**2 - 14*v - 2. Let o(d) = -3*b(d) - 5*j(d). Let k be (-64)/12 - 2/3. What is o(k)?
-5
Let q(f) = 10*f - 13. Let b(v) = v - 1. Let y(c) = 22*b(c) - 2*q(c). Calculate y(-4).
-4
Let u = -141 - -144. Let r(w) = -13*w**3 - 7*w + 31*w**u + 8 + 7*w**2 - 6*w**3 - 13*w**3. Determine r(6).
2
Let y be -6*(-6)/12 + (-5 - 0). Let t(c) = 8*c**2 - 13. Let b(i) = 2*i**2 - 3. Let d(n) = -9*b(n) + 2*t(n). Determine d(y).
-7
Suppose 0 = -5*x + 200 - 55. Let c = -28 + x. Let u(g) = -16*g + 1. Calculate u(c).
-15
Let w = 10 + -8. Let l(t) = -w*t**2 - 2*t**2 - 2*t + 5*t**2 - 2. Let k(c) = c**2 - c - 3. Let u(s) = 2*k(s) - 3*l(s). What is u(5)?
-5
Let c(o) = o**3 - 10*o**2 + 10*o - 6. Let p be c(9). Let w(l) = 3*l - l**p - 3*l - 1 - 4*l - 7*l**2 + 2*l**2. What is w(-4)?
-1
Let m(d) be the third derivative of d**6/120 - d**5/60 + d**4/24 - 11*d**3/6 - 9*d**2 - 3. Calculate m(0).
-11
Let l(m) = 4*m - 2. Let r be 4 + (2 - 4 - 24). Let n = r - -28. Give l(n).
22
Let w(x) be the third derivative of -x**5/60 - 5*x**4/12 - x**3/3 - 31*x**2. What is w(-9)?
7
Let b(r) be the first derivative of -2*r**2 - r + 4. Suppose -5*d - 213 = -218. Determine b(d).
-5
Let t(n) = -9*n**3 - 5*n**2 - 2*n - 10. Let w(c) = -6*c**3 - 3*c**2 - c - 7. Let s(q) = -5*t(q) + 7*w(q). Let b be (-1 - -4)*-1 + 1. Calculate s(b).
-13
Let g(q) be the third derivative of q**6/120 + q**5/15 - q**3/2 + 70*q**2. What is g(-3)?
6
Let n = 16 - 14. Let z = 2 + n. Let s = 9 - z. Let q(p) = p**3 - 4*p**2 - 3*p - 6. What is q(s)?
4
Let a be (-2)/(5 - 3)*(4 - 6). Let u(b) = -1 + 2 + 526*b**2 - 533*b**a. Give u(1).
-6
Let z(u) = -3*u - 15. Suppose 3*r - 2*o + 7*o + 11 = 0, -4*r - o = 26. Determine z(r).
6
Let f(y) = 2*y - 4. Suppose 5*r + 4*t + 0 = 18, 21 = 2*r - 3*t. Determine f(r).
8
Let z(r) = -r - 8. Suppose -4 = 4*v, -14*i - v + 1 = -13*i. Calculate z(i).
-10
Let d(i) = i - 3. Let j = -26 + 28. Suppose -y - j*y + 9 = 0. Give d(y).
0
Let z(l) = l**3 - 4*l**2 - 14*l + 10. Let b = -25 - -31. Let k be z(b). Let y(v) = -v**2 + 2*v + 3. Calculate y(k).
-5
Let o(b) = -29*b - 2 - 22*b + 47*b - 2*b**2. Determine o(-2).
-2
Suppose 0 = -0*v + 5*v - 85. Let w = v + -11. Let r(o) be the third derivative of o**6/120 - o**5/10 - o**4/12 + 2*o**3/3 + 2*o**2. Give r(w).
-8
Let k(b) = -7*b**3 + b**2 + 12*b - 6. Let g(y) = y**3 - y**2 - y + 1. Let u(p) = 6*g(p) + k(p). Calculate u(-6).
0
Let b(o) = 4*o - 3. Let f(i) be the first derivative of -2*i**2 + 4*i - 18. Let l(q) = 5*b(q) + 4*f(q). Calculate l(1).
5
Let j(a) = -a**3 - 3*a + 5. Let y be j(2). Let v = y + 10. Let u(n) = -4 + 1 + 1 + 4*n - v. Determine u(5).
17
Let o(v) be the third derivative of v**5/120 + v**4/3 - v**3/2 - v**2. Let f(z) be the first derivative of o(z). Let m be 4 + -3 + (-5 - (-1)/(-1)). Give f(m).
3
Suppose -43 = 4*a - 155. Let u = -16 + a. Suppose 5*n + u = 27. Let t(g) = 2*g + 2. What is t(n)?
8
Let p = -3 - -2. Let s be 5/(p/((-2)/(-2))). Let j(q) = q**2 + 11 + 4*q**2 - 8 - 5 + q**3 - q - 5. Calculate j(s).
-2
Let i(q) = -3*q + 6. Let n(c) = 4*c - 10. Let w(x) = 3*i(x) + 2*n(x). Let b = 7 + 0. Determine w(b).
-9
Let u = -2 + 1. Let z(d) = -d**2 + 1. Let n(k) = k**3 - 2*k**2 - 6*k - 3. Let p(q) = u*n(q) - 3*z(q). Suppose 6 = -3*w, 11*i - 14*i + 8 = 5*w. Give p(i).
0
Let y(h) = -39*h + 18*h - 13 - h**2 + 6*h + 9*h + 14*h. Give y(7).
-6
Let i(t) = t**2 - 8*t + 8. Suppose 0 = 7*y - 2*y + 3*z - 65, -y + 4*z = -13. Let c(v) = -v**2 - 5 - 1 + 15*v - 4 - 9. Let l be c(y). What is i(l)?
1
Let l(g) = -g**3 + 4*g**2 - 2*g + 1. Let k be l(3). Let d be (14/k)/((-4)/(-8)). Let c(n) = n**2 - 5*n - 10. What is c(d)?
4
Let l(i) = -2*i**2 + i + 1. Let c(f) = -13*f**2 - 17*f + 51. Let z(g) = -c(g) + 6*l(g). Determine z(-25).
5
Let q(f) = -f**3 - 3*f**2 + 6*f + 10. Let b be q(-3). Let t(l) = 9*l**2 + 6*l + 2*l + l + 2*l**3 - l**3 + 3. What is t(b)?
-5
Let o(k) = 7*k**2 - 1. Suppose -23 = -m - 5*b, -3*m - b = m - 92. Let w = 31 - m. Let n(f) = f - 9. Let l be n(w). Determine o(l).
6
Let g(d) = -d**2 - 3*d + 3. Suppose -2*y = n + 3 - 7, -2 = -2*y. Calculate g(n).
-7
Let v be (138/6)/(3*1/3). Let f(g) = 8 - 2 - 22*g - 5 + v*g. Determine f(-2).
-1
Let z(q) = 3*q - 8. Let n be z(4). Let c(p) = -56*p + 1. Let m(h) = 5*h. Let k(d) = -2*c(d) - 22*m(d). What is k(n)?
6
Let r(f) = 0*f + 5*f - 4*f + 5 - 83*f**2 + 82*f**2. Let d be (2/3)/((-4)/60). Let m be 16/10*(-25)/d. What is r(m)?
-7
Let g(n) = n**3 - 11*n**2 - n + 7. Suppose 154 = -905*m + 919*m. Calculate g(m).
-4
Let b(i) = -2*i**2 + 5*i + 14. Let m(q) = -q**2 + 6*q + 11. Let t(g) = -2*b(g) + 3*m(g). Give t(-6).
-7
Let c(n) = -7*n**2 + 2*n. Let x(p) = 3*p - 3. Let d(g) = 2*g - 2. Let o(m) = -7*d(m) + 5*x(m). Let v(t) = -c(t) + o(t). Determine v(-1).
7
Let r(x) = -x**3 + 7*x**2 + 6*x + 10. Suppose -3*a + 20 - 8 = p, -3*a = -5*p - 30. Let k = a - 1. Suppose -k*l + 24 = -l. Determine r(l).
-6
Let i be 0*(1 + -2) - 5. Let g = -36 - -84. Let n(f) = g - 51 - f**2 - 7*f + 0*f. Calculate n(i).
7
Let u(d) be the second derivative of d**4/12 + 64*d. Give u(-1).
1
Let u be 15/12 + 6/(-24). Let p(v) be the first derivative of 16*v**3/3 - v**2/2 + 15. What is p(u)?
15
Let l(p) = -p**2 + 3*p - 6. Let c(o) = o**2 - 2*o + 6. Suppose 4*h = 2*z - 3*z + 18, 26 = 4*h + 5*z. Let m(v) = h*c(v) + 5*l(v). Determine m(5).
4
Let g(n) = n**3 + 8*n**2 + 7*n + 2. Let c be ((-24)/(-30))/(10/(-25)). Let l(t) = t**2 + 3*t - 3. Let x be l(-4). Let y be 2 - (-18)/(c/x). Determine g(y).
2
Suppose 12*p - 378 = -450. Let o(f) be the first derivative of f**3/3 + 5*f**2/2 - 7*f + 1. Determine o(p).
-1
Suppose -9 = 3*n, -u + 2*n + 3*n = -14. Let a(z) = -9*z**2 + 2*z + 1. Give a(u).
-10
Suppose -z + 4 = 7. Let m(c) = -c. Let t(s) = -s**3 + 8*s**2 - 3*s + 22. Let n